et s(v) be the third derivative of 1/2*v**q + 1/24*v**4 + 0*v + 2*v**2 + 0. What is s(-2)?
1
Let a(d) be the third derivative of -d**5/30 - d**4/6 - d**3/2 - 2*d**2 - 6. Determine a(-3).
-9
Let h(u) = 2*u**3 + 10*u**2 - 3*u - 6. Let b(l) = 3*l**3 + 19*l**2 - 7*l - 11. Let o(t) = -3*b(t) + 5*h(t). What is o(6)?
3
Let m(f) = 10*f + 7*f - 2 - 14*f. Determine m(-5).
-17
Let q(y) = y**3 + 9*y**2 + y + 13. Let v be q(-9). Let k(b) = b + 3*b**2 - b**3 - v + b**2 - 8*b**2 + 0*b**3. Give k(-4).
-8
Let u(q) be the first derivative of -3*q - 2 + 3/2*q**2 + 2/3*q**3. Determine u(-3).
6
Suppose 0 = 5*p + 25, 0 - 13 = -2*h - p. Let l = h - 7. Let t(k) = k**2 + k - l*k - 1 + 5*k + 0*k. Calculate t(-3).
-4
Let p(f) = f**3 + 5*f**2 + 3*f - 3. Let o be (-4)/(-22) - 172/(-22). Suppose a + g = -o, -2*g - 16 = 2*g. Determine p(a).
1
Let h(x) = 6*x**3 - x**2 - x + 1. Suppose 2*y = 4*l - 2*y, -3*y + 4 = l. Calculate h(l).
5
Let t(z) = 6*z - 10*z - 1 + 6*z. What is t(-5)?
-11
Suppose -8 = -2*f, 8 = 2*r - 0*f + f. Let c(h) = 4*h**2 + 6*h - 2 - 3*h**r + 2. Give c(-3).
-9
Let j(u) = 15*u**3 + 7*u**2 - 4*u + 13. Let g(v) = 7*v**3 + 3*v**2 - 2*v + 6. Let m(r) = -13*g(r) + 6*j(r). Determine m(3).
6
Let g(j) = j**3 - 5*j - 1 + j + 4 + 4 + 4*j**2. Let p be 1 - 4 - (1 - -1). Calculate g(p).
2
Let u(z) be the first derivative of z**3/3 - 4*z**2 - 9*z + 26. What is u(8)?
-9
Let y = -4 - -6. Let t(x) be the first derivative of -x + 2 - 3/2*x**y. Determine t(-1).
2
Let b(h) = h**2 + 5*h - 4. Let n(t) = 60*t - 60. Let s(l) = 17*l - 17. Let a(u) = -5*n(u) + 18*s(u). Let j be a(4). Suppose 7*f - 10*f - j = 0. What is b(f)?
2
Let p(t) be the third derivative of -1/12*t**4 + 1/6*t**3 + 0*t + 0 - 6*t**2. Calculate p(-2).
5
Let p(t) be the second derivative of -t**3/6 + 8*t**2 - 2*t. Calculate p(7).
9
Let v(x) = 4 + 1 - 5*x - x**2 - 3. Determine v(-4).
6
Let k(t) = t**3 - t**2 + 3. Let d(n) = -n**3 + 4*n**2 - 3*n**2 + 0*n**2 - 4. Let j(c) = 5*d(c) + 6*k(c). What is j(0)?
-2
Let w(p) be the first derivative of -p**4/4 + 4*p**3/3 - 5*p**2/2 + 3*p + 27. Calculate w(3).
-3
Let n(y) = 5*y**3 - y - 36*y**2 - 1 + 37*y**2 + y. Determine n(1).
5
Let z = -15 - -10. Let x(v) = -v**3 + 4*v**2 + 1 + 5 + 6*v - 8*v**2. What is x(z)?
1
Suppose -5*p + 21 = -2*p. Let s(a) = 2 + 2*a - p - 4*a + 3*a. Calculate s(9).
4
Let f = -7 + 9. Suppose -4*s = 20, -2*q + f = 4*s + 26. Let i(k) = -k**2. What is i(q)?
-4
Let c(a) = 2*a + 1. Let j(b) = 2*b + 2. Let z(i) = -3*c(i) + 2*j(i). Let x be ((3/1)/3)/((-1)/3). Determine z(x).
7
Let z be (3/3 - -1) + -1. Let j(g) = -g**2. Let f(o) = 4*o**2 + 2*o. Let i(m) = z*f(m) + 3*j(m). Calculate i(-3).
3
Suppose 4*a + 2*a + 30 = 0. Let r = -1 + 3. Let j(y) = 4*y**r - 3*y**2 - 3 + 0 + 2*y + y. What is j(a)?
7
Let j be ((-3)/(-6))/(6/4)*3. Let a(t) = 10*t**2 - 1. What is a(j)?
9
Let y(k) = 2 + 2*k - 3*k - 6. Let n be y(-5). Let z = n - 0. Let m(r) = 4*r - 1. Calculate m(z).
3
Let o(i) = 6*i**3 + 11*i**2 + 4*i - 7. Let c(k) = -k**3 - k**2 + 1. Let d(s) = -5*c(s) - o(s). What is d(-5)?
-3
Let s(i) = -139*i**3 + 138*i**3 + 1 - 2. Determine s(-2).
7
Suppose 5*f - 2 = 23. Suppose -2*x + 5*x - 5*v = 9, 15 = -f*v. Let o be -2 + 2 - (x + 6). Let s(g) = g**3 + 2*g**2 - 5*g + 3. Determine s(o).
-9
Let y(u) = -u**2 - 3. Suppose -4*p + 8 = -0. Suppose -p*w = -w. What is y(w)?
-3
Let d(w) = -8*w - w**3 - 2*w**3 + 2*w**3 - 8 - 7*w**2. Calculate d(-6).
4
Let y = 31 - 29. Let w(u) be the third derivative of 0*u + 3/2*u**3 - 1/24*u**4 + 0 - 2*u**y. Determine w(4).
5
Let u be (-1)/4 - (-3)/12. Suppose u = -0*b + 2*b - 6. Let g be (b - 0)*4/(-3). Let s(m) = -m**3 - 4*m**2 - m - 4. What is s(g)?
0
Let h(s) = -2*s**3 - 29*s**2 - 13*s + 13. Let l be h(-14). Let b(t) = -23*t - 1. What is b(l)?
22
Let p = 15 + -19. Let x(z) = -z**2 - 3*z + 4. Give x(p).
0
Let u(g) be the first derivative of -3*g**4/4 - g**3/3 + g**2 - g + 9. Determine u(1).
-3
Let r(d) = -4*d**2 + 1 + 0*d**2 + 2*d**2. Suppose 0 = -7*s + 2*s - 5*w + 10, 2*w = 6. Let x = s + 0. Determine r(x).
-1
Let a(x) = 5*x**2 + 10*x + 3*x**3 - 1 - 2*x**3 - 5*x. Suppose j - 7 = 4*p + 5, 2*j + 3*p + 20 = 0. Calculate a(j).
-5
Suppose -2*q + 41 = -x - 4*x, 0 = -5*q - x + 35. Let d = -4 + q. Suppose -d*h + 2*h = -8. Let k(p) = 2*p - 4. Determine k(h).
4
Let b(u) = u**3 - u**2 + 3. Let x be -2 + 1 - (0 - 7). Let c(l) = -l**2 + 6*l - 1. Let m be c(x). Let d be 0*(2/4 + m). Calculate b(d).
3
Let n(p) = -p**3 - p**2 + 2*p + 3. Let k = 6 - -2. Let l be k/(-6) - (-2)/(-3). Let b be n(l). Let a(y) = -2*y**2 + 4*y. Calculate a(b).
-6
Suppose -s - 29 = -3*x - 0*s, x - 28 = 4*s. Let y = 9 - x. Let n(i) = 12*i. Let w(k) = 6*k. Let g(u) = 3*n(u) - 5*w(u). Determine g(y).
6
Let s(x) = 3*x**2 + 7*x - 3. Let g(a) = 2*a**2 + 6*a - 2. Let t(l) = -4*g(l) + 3*s(l). Suppose 4*w = -4*i + 3*w + 17, -4*w + 17 = -i. Give t(i).
-1
Let u(h) = -h + 11. Suppose -w = -6*w - w. Give u(w).
11
Let x(u) = 2*u - 4. Let l(f) be the third derivative of f**4/12 - 5*f**3/6 - f**2. Let v(m) = 4*l(m) - 3*x(m). Determine v(6).
4
Let v be -4 + -3 + 5 - 3. Let a(s) = 4*s**2 - 6*s + 4. Let l(t) = -t**2 - 1. Let h(u) = a(u) + 5*l(u). What is h(v)?
4
Let c(b) = 3*b**2 - 4*b**2 + 8 + 32*b - 2*b**2 - 11*b. Let y(a) = -a**2 + 10*a + 4. Let j(s) = -2*c(s) + 5*y(s). What is j(-5)?
-11
Let t(r) = -r + 2 - 4*r**2 + r - r**3. Let j = 56 - 59. Determine t(j).
-7
Suppose -2*m - 10 = -18. Let n(q) = 4*q - 2. Let j(w) = 1. Let g(s) = -4*j(s) + n(s). Calculate g(m).
10
Let k(z) be the second derivative of z**4/6 - 2*z**3/3 - z**2/2 - 18*z. Let p(b) = -b**3 + b + 9. Let g be p(0). Suppose 3*s + g = 6*s. Determine k(s).
5
Let o(v) = 9*v**2 + 2*v - 2. Let m(z) be the second derivative of -5*z**4/6 - z**3/3 + 3*z**2/2 - z. Let l(q) = 3*m(q) + 4*o(q). Give l(-1).
5
Let r(k) be the third derivative of -k**4/24 + k**3/3 - 2*k**2 + 15. Determine r(9).
-7
Suppose -4*u + 3*a + 25 = -14, 2*u - 5*a = 23. Let n(o) = -1 - u*o + 0 + 0. Let y be (-10)/7 + 6/14. What is n(y)?
8
Let c be (12 + 0)*(-4)/(-8). Let v(y) = y**3 - 5*y**2 - 6*y - 6. Calculate v(c).
-6
Let x(c) be the second derivative of c**5/10 - c**3/3 - c**2 + c. Calculate x(-2).
-14
Let t(g) = -3*g + 5. Let w be t(4). Let k(m) = -m - 2. Let v be k(w). Let f(x) = -x**2 - v + 7*x - 3*x**2 + 2*x**2 + x**2. Give f(6).
1
Let n(h) = -2*h + 13. Let i be n(9). Let f = i + 12. Let x(v) = -v**3 + 6*v**2 + 8*v - 8. What is x(f)?
-1
Suppose -2*l - 10 = -l. Let k = 15 + l. Suppose k*x = -3*h - 14, 0 = -2*h + 4. Let m(z) = z**3 + 6*z**2 + 7*z + 4. What is m(x)?
8
Let a(h) be the second derivative of 4*h**4/3 - h**3/6 + h**2/2 + 28*h. What is a(1)?
16
Let k(u) be the first derivative of u**4/4 + 8*u**3/3 + 5*u**2/2 - 7*u + 7. Give k(-7).
7
Suppose -y + a = 0, -y - 6*a = -2*a + 10. Let o(h) = h**2 - 1. Let q(f) = f**2 + 5*f - 1. Let g(v) = y*o(v) + q(v). Give g(4).
5
Let y(f) be the third derivative of f**4/3 + 10*f**2. What is y(-1)?
-8
Let i(p) be the third derivative of p**5/120 - p**4/24 - p**3/3 - p**2. Let j(z) be the first derivative of i(z). Suppose 3*y + 6 + 9 = 0. Calculate j(y).
-6
Let w = -9 + 13. Suppose -w*y = -k - 35 + 6, -4*k - 20 = 0. Let q(h) = 2 - h - y - 4*h**2 + 2*h + 3. Determine q(1).
-4
Let s(k) = -5*k + 1. Let u(n) = 9*n - 1. Let d(v) = -11*s(v) - 6*u(v). Give d(0).
-5
Let k(f) be the third derivative of -f**4/24 + f**3 - 2*f**2. Suppose -5*l + 42 = 2*l. What is k(l)?
0
Let b(f) = f - 22. Let d(i) = i - 20. Let l(x) = 2*b(x) - 3*d(x). Determine l(14).
2
Let s(d) = 3*d**3 - 5*d**2 + 4*d - 5. Let t(n) = n**3 + n - 1. Let w(y) = -s(y) + 4*t(y). Give w(-4).
17
Let r(p) = p - 3. Let w(q) = -2*q + 5. Let t(a) = 5*r(a) + 3*w(a). Give t(2).
-2
Let k(n) be the second derivative of -n**3/2 + n**2/2 - n. Let a be -1 - (-2)/(-6)*3. Determine k(a).
7
Let g(f) = -f**3 - 5*f**2 + 5*f. Let w be g(-6). Let b = 7 - 5. Let k(t) = 7*t**2 - 5*t - t**2 + t**3 + 0*t**b - 2*t**2 - w. What is k(-5)?
-6
Let z(c) = -c - 1. Let d(q) = -9*q - 7. Let h(g) = -d(g) + 6*z(g). Suppose 3*b - 3*m = 12, -5*b - 9 = -6*b + 2*m. Give h(b).
-2
Let k(p) = -p**3 - 6*p**2 - 5*p. Suppose -8 = l - 3*t, 2*l + 5*t + 2 = -3. Calculate k(l).
0
Let i(v) be the second derivative of -v**4/4 + v**3/6 - 19*v**2/2 + 2*v. Let j(q) = -q**2 - 6. Let b(x) = 2*i(x) - 7*j(x). Give b(-3).
7
Let z(q) be the first